14, what is -6a + -abd4?
-ac60
In base 11, what is 0 - 3023?
-3023
In base 15, what is 2 - 103a1?
-1039e
In base 13, what is -3318 - 3c?
-3357
In base 12, what is 4 + 66226?
6622a
In base 4, what is -11 - -3120002?
3113331
In base 16, what is -1514dc + 2?
-1514da
In base 12, what is 25373 - 1?
25372
In base 6, what is -24115 - -31?
-24044
In base 6, what is -3 + 215530?
215523
In base 2, what is -111111001 - -10101101?
-101001100
In base 11, what is 10 + 577?
587
In base 5, what is -34130342 + 2?
-34130340
In base 13, what is 107 - ab0?
-9a6
In base 10, what is 5 + -10116?
-10111
In base 7, what is -263651 + 2?
-263646
In base 11, what is 4 - 3449?
-3445
In base 7, what is 146 + -122532?
-122353
In base 4, what is -3311330 - 3?
-3311333
In base 9, what is -180682 - -3?
-180678
In base 7, what is 5202611 - -4?
5202615
In base 10, what is 106479 + 4?
106483
In base 6, what is -22540445 - 0?
-22540445
In base 11, what is -3 + -17240?
-17243
In base 8, what is -7 - 45706?
-45715
In base 11, what is 434506 + 0?
434506
In base 11, what is 5a19 - -143?
6061
In base 12, what is -65862 + -20?
-65882
In base 15, what is 270c - 5?
2707
In base 15, what is -2 - 327b?
-327d
In base 14, what is 3 - -d2c9?
d2cc
In base 3, what is -1201200100 + -10?
-1201200110
In base 10, what is 0 + 32887?
32887
In base 14, what is -4 + 37a94?
37a90
In base 13, what is 2b8 - 479?
-191
In base 7, what is -3 - -14651?
14645
In base 9, what is -3 - -353002?
352888
In base 3, what is -2220012 - -110222?
-2102020
In base 6, what is 0 - 105333?
-105333
In base 3, what is -11 + -212111212?
-212112000
In base 10, what is 59955 + -10?
59945
In base 9, what is 11 + -481?
-470
In base 15, what is 42ca7 + -5?
42ca2
In base 3, what is 111012102 - 1002?
111011100
In base 15, what is -22495 - -11?
-22484
In base 6, what is -52 + -110533?
-111025
In base 14, what is 2 + -50a?
-508
In base 10, what is -1 - -2727?
2726
In base 13, what is 2 - -792ca?
792cc
In base 6, what is -24020 + -23?
-24043
In base 14, what is 2206 + -1?
2205
In base 15, what is -3 - -1074b?
10748
In base 14, what is -2 - -21c58?
21c56
In base 10, what is -1209 - -12?
-1197
In base 12, what is -33340 - -8?
-33334
In base 13, what is c950 - -7?
c957
In base 13, what is bb5 - -5?
bba
In base 7, what is -1 + -612153?
-612154
In base 13, what is -19 - -2b5?
299
In base 2, what is -101001001001111010010 - -11?
-101001001001111001111
In base 10, what is -48682 + 1?
-48681
In base 14, what is -2d3 + -597?
-88a
In base 12, what is 2 - -368626?
368628
In base 3, what is -2 - -11120201?
11120122
In base 3, what is 12110 + 1110?
20220
In base 7, what is -121161 + -126?
-121320
In base 16, what is 441a + 62?
447c
In base 2, what is -11100000001111 - -11111?
-11011111110000
In base 16, what is -f73 + 4?
-f6f
In base 15, what is c9b + -127?
b74
In base 11, what is 1 + 783a?
7840
In base 3, what is 100 - -110122021?
110122121
In base 5, what is 10233 - -43422?
104210
In base 14, what is 67 + 1273?
12da
In base 13, what is 2 - -186ba7?
186ba9
In base 13, what is 3 + -95a?
-957
In base 7, what is 105623 + 131?
106054
In base 10, what is -4777 + 2?
-4775
In base 11, what is -85 - -138?
63
In base 16, what is -62a - 193?
-7bd
In base 14, what is -5448 - 7?
-5451
In base 14, what is 1db - 502?
-305
In base 11, what is -3 + 8190?
8188
In base 8, what is 3 - -4502?
4505
In base 10, what is -1266 - -81?
-1185
In base 11, what is -389701 + -1?
-389702
In base 6, what is -4 + -12250144?
-12250152
In base 8, what is 33726 - 40?
33666
In base 8, what is -5 - -551?
544
In base 8, what is -3 - -6514?
6511
In base 16, what is 31 - 36?
-5
In base 11, what is 48 + -312?
-275
In base 12, what is -4394 + -7?
-439b
In base 7, what is 6 + -2106201?
-2106162
In base 15, what is -317 + -17?
-32e
In base 9, what is -678863 - -1?
-678862
In base 6, what is -100 - -430555?
430455
In base 4, what is -23332331311 + -3?
-23332331320
In base 2, what is -1001 + -111110011000?
-111110100001
In base 11, what is 3 - -10038?
10040
In base 4, what is 3301011 + 23?
3301100
In base 7, what is 345431 - 46?
345352
In base 3, what is 101120002202 + 0?
101120002202
In base 5, what is 103 + 1400242?
1400400
In base 5, what is -122 + -2131134?
-2131311
In base 2, what is -1000110110110000110 - 1?
-1000110110110000111
In base 11, what is -5 + -10730?
-10735
In base 2, what is -101 - -110010010001000?
110010010000011
In base 12, what is 7aa4 + 1?
7aa5
In base 13, what is -6 + 342c2?
342b9
In base 6, what is -22131225 + -4?
-22131233
In base 10, what is -364 + 91?
-273
In base 7, what is 1431013 - 6?
1431004
In base 10, what is -18 + 2215?
2197
In base 11, what is 50 - 5500?
-5460
In base 9, what is -5 + -407?
-413
In base 7, what is 3 + 4232?
4235
In base 16, what is -5 - ba9?
-bae
In base 5, what is 13 + -40013?
-40000
In base 2, what is -10 + 1111111011010?
1111111011000
In base 16, what is -780 - -4?
-77c
In base 12, what is 0 - -33a33?
33a33
In base 4, what is 11 + -3131310?
-3131233
In base 13, what is 7a7b + -2?
7a79
In base 7, what is 3200533 - 4?
3200526
In base 5, what is -3040300 + 2?
-3040243
In base 8, what is -1521 + 77?
-1422
In base 6, what is -1124 + -30323?
-31451
In base 4, what is 112 - 112131?
-112013
In base 9, what is 1268 + -3?
1265
In base 8, what is 320 + 1705?
2225
In base 4, what is -2231301320 - 1?
-2231301321
In base 13, what is a2a2 - -5?
a2a7
In base 7, what is 1366 + 212?
1611
In base 14, what is 1 - 71510?
-7150d
In base 3, what is -101002011 + 22?
-101001212
In base 2, what is -10010 + 11011011110001?
11011011011111
In base 8, what is 2 - 106436?
-106434
In base 16, what is -1179ae3 + 5?
-1179ade
In base 7, what is 313 + -4656?
-4343
In base 10, what is 1284 + 21?
1305
In base 15, what is 2 + 64b1?
64b3
In base 3, what is 10 - -121200121120?
121200121200
In base 2, what is 10 + -10111010101110101?
-10111010101110011
In base 16, what is -21f0 + -26?
-2216
In base 7, what is 3112 + 253?
3365
In base 13, what is -1a4 - 54?
-228
In base 3, what is -12012202 + 0?
-12012202
In base 15, what is 4 + 214a53?
214a57
In base 4, what is 1 - -10211320121?
10211320122
In base 3, what is -122012001000 - 12?
-122012001012
In base 4, what is 11012012 + 10?
11012022
In base 10, what is -7 + 3644?
3637
In base 14, what is 3225 - 18?
320b
In base 3, what is -100110 - -110021220?
102221110
In base 14, what is 2401a + c?
24028
In base 15, what is -e + 8401?
83e2
In base 2, what is 111 - 10010110000100?
-10010101111101
In base 3, what is 11120 + 20001?
101121
In base 15, what is 33 + 23?
56
In base 8, what is 1041 + -71?
750
In base 13, what is 1 + -222ba?
-222b9
In base 9, what is -3640158 - -5?
-3640153
In base 12, what is 90 + -7?
85
In base 9, what is 2 + -226007?
-226005
In base 12, what is -21 + 61?
40
In base 2, what is -10011111111011 - 11000?
-10100000010011
In base 12, what is 4 + -21449?
-21445
In base 12, what is 4358 - 4?
4354
In base 6, what is 2 + -143424?
-143422
In base 9, what is 5 - 5153?
-5147
In base 15, what is -34 + 18a6?
1872
In base 8, what is 1120222 + -5?
1120215
In base 6, what is 2 - 13230112?
-13230110
In base 14, what is -33b40 - 27?
-33b67
In base 3, what is -1000 - -112000121?
111222121
In base 15, what is -1 - -1cc34?
1cc33
In base 12, what is 15a6 - 27?
157b
In base 3, what is -110 + -1201102122?
-1201110002
In base 5, what is 3 + -242300320?
-242300312
In base 6, what is -4 - -10232004?
10232000
In base 3, what is -12 + 1111112111?
1111112022
In base 13, what is -3 - -5348?
5345
In base 2, what is 10110010100110111 + 11?
10110010100111010
In base 11, what is 269 - -676?
934
In base 5, what is -20201 + -413?
-21114
In base 7, what is -145 + 34110?
33632
In base 10, what is -2 - 34387?
-34389
In base 13, what is 8419 - 28?
83c1
In base 10, what is -82 - 11775?
-11857
In base 8, what is -6512 + 325?
-6165
In base 6, what is -3343 + -21?
-3404
In base 4, what is -101310 - 203?
-102113
In base 6, what is 12232310 + 0?
12232310
In base 12, what is 142 + -104?
3a
In base 16, what is -5 + 20eb?
20e6
In base 12, what is aa0a + 2?
aa10
In base 5, what is -41 - -320320?
320224
In base 5, what is 122401 - -1023?
123424
In base 2, what is -1000 - 10010111000000?
-10010111001000
In base 11, what is 24422 + -2?
24420
In base 7, what is -3604 -